{"id":15,"date":"2020-11-19T22:01:04","date_gmt":"2020-11-19T21:01:04","guid":{"rendered":"http:\/\/mbptvbu.cluster030.hosting.ovh.net\/?page_id=15"},"modified":"2024-01-02T16:26:07","modified_gmt":"2024-01-02T15:26:07","slug":"a-propos-de","status":"publish","type":"page","link":"https:\/\/bougetontrail.fr\/?page_id=15","title":{"rendered":"\u00c0 propos de"},"content":{"rendered":"<div data-colibri-id=\"15-c1\" class=\"style-442 style-local-15-c1 position-relative\">\n  <!---->\n  <div data-colibri-component=\"section\" data-colibri-id=\"15-c2\" id=\"about\" class=\"h-section h-section-global-spacing d-flex align-items-lg-center align-items-md-center align-items-center style-447 style-local-15-c2 position-relative\">\n    <!---->\n    <!---->\n    <div class=\"h-section-grid-container h-section-boxed-container\">\n      <!---->\n      <div data-colibri-id=\"15-c3\" class=\"h-row-container gutters-row-lg-2 gutters-row-md-2 gutters-row-0 gutters-row-v-lg-2 gutters-row-v-md-2 gutters-row-v-2 style-625 style-local-15-c3 position-relative\">\n        <!---->\n        <div class=\"h-row justify-content-lg-center justify-content-md-center justify-content-center align-items-lg-stretch align-items-md-stretch align-items-stretch gutters-col-lg-2 gutters-col-md-2 gutters-col-0 gutters-col-v-lg-2 gutters-col-v-md-2 gutters-col-v-2\">\n          <!---->\n          <div class=\"h-column h-column-container d-flex h-col-lg-auto h-col-md-auto h-col-auto style-626-outer style-local-15-c4-outer\">\n            <div data-colibri-id=\"15-c4\" class=\"d-flex h-flex-basis h-column__inner h-px-lg-2 h-px-md-2 h-px-2 v-inner-lg-2 v-inner-md-2 v-inner-2 style-626 style-local-15-c4 position-relative\">\n              <!---->\n              <!---->\n              <div class=\"w-100 h-y-container h-column__content h-column__v-align flex-basis-100 align-self-lg-start align-self-md-start align-self-start\">\n                <!---->\n                <div data-colibri-id=\"15-c5\" class=\"h-global-transition-all h-heading style-627 style-local-15-c5 position-relative h-element\">\n                  <!---->\n                  <div class=\"h-heading__outer style-627 style-local-15-c5\">\n                    <!---->\n                    <!---->\n                    <h3 class=\"\">\u00ab\u00a0Bouge ton trail\u00a0\u00bb, qu&rsquo;est-ce que c&rsquo;est au juste ?<\/h3>\n                  <\/div>\n                <\/div>\n              <\/div>\n            <\/div>\n          <\/div>\n        <\/div>\n      <\/div>\n      <div data-colibri-id=\"15-c6\" class=\"h-row-container gutters-row-lg-0 gutters-row-md-0 gutters-row-0 gutters-row-v-lg-0 gutters-row-v-md-0 gutters-row-v-0 style-448 style-local-15-c6 position-relative\">\n        <!---->\n        <div class=\"h-row justify-content-lg-center justify-content-md-center justify-content-center align-items-lg-stretch align-items-md-stretch align-items-stretch gutters-col-lg-0 gutters-col-md-0 gutters-col-0 gutters-col-v-lg-0 gutters-col-v-md-0 gutters-col-v-0\">\n          <!---->\n          <div class=\"h-column h-column-container d-flex h-col-lg-auto h-col-md-auto h-col-auto style-449-outer style-local-15-c7-outer\">\n            <div data-colibri-id=\"15-c7\" class=\"d-flex h-flex-basis h-column__inner h-px-lg-0 h-px-md-0 h-px-0 v-inner-lg-0 v-inner-md-0 v-inner-0 style-449 style-local-15-c7 position-relative\">\n              <!---->\n              <!---->\n              <div class=\"w-100 h-y-container h-column__content h-column__v-align flex-basis-100 align-self-lg-start align-self-md-start align-self-start\">\n                <!---->\n                <div data-colibri-id=\"15-c8\" class=\"h-text h-text-component style-452 style-local-15-c8 position-relative h-element\">\n                  <!---->\n                  <!---->\n                  <div class=\"\">\n                    <p>Bouge ton trail, c&rsquo;est mon activit\u00e9 en tant que professionnel de la course en milieux naturels.<\/p>\n                    <p><span style=\"color: rgb(70, 112, 127); font-family: Lato; font-size: 16px; font-weight: 400;\">Dipl\u00f4m\u00e9 d&rsquo;Etat \u00ab\u00a0Accompagnateur en Montagne\u00a0\u00bb et \u00ab\u00a0Escalade en Milieux Naturels\u00a0\u00bb,&nbsp;j&rsquo;ai pass\u00e9 quelques ann\u00e9es \u00e0 guider des s\u00e9jours \u00e0 l&rsquo;\u00e9tranger (Spitzberg et Oman) avant de m&rsquo;installer en Ard\u00e8che.<\/span><\/p>\n                    <p><span style=\"color: rgb(70, 112, 127); font-family: Lato; font-size: 16px; font-weight: 400;\">Ici, j&rsquo;y exerce les m\u00e9tiers de moniteur escalade, entra\u00eeneur trail, et formateur associ\u00e9 au CREPS AURA.<\/span><\/p>\n                    <p>La course \u00e0 pied, c&rsquo;est pour moi une expression motrice primaire, et un acc\u00e8s simple \u00e0 des territoires vari\u00e9s.<\/p>\n                    <p>Grimpeur assidu, ex-comp\u00e9titeur en cano\u00e9 et pratiquant de plusieurs sports de nature, je crois aux b\u00e9n\u00e9fices de la pluri-activit\u00e9 pour le d\u00e9veloppement de l&rsquo;individu.&nbsp;<\/p>\n                    <p>Au plaisir de partager avec vous,<\/p>\n                    <p>Fran\u00e7ois<\/p>\n                    <p>\n                      <br>\n                    <\/p>\n                  <\/div>\n                <\/div>\n              <\/div>\n            <\/div>\n          <\/div>\n          <div class=\"h-column h-column-container d-flex h-col-lg-auto h-col-md-auto h-col-auto style-453-outer style-local-15-c9-outer\">\n            <div data-colibri-id=\"15-c9\" class=\"d-flex h-flex-basis h-column__inner h-ui-empty-state-container h-px-lg-2 h-px-md-2 h-px-2 v-inner-lg-2 v-inner-md-2 v-inner-2 style-453 style-local-15-c9 position-relative\">\n              <!---->\n              <!---->\n              <div class=\"w-100 h-y-container h-column__content h-column__v-align flex-basis-100\">\n                <!---->\n              <\/div>\n            <\/div>\n          <\/div>\n        <\/div>\n      <\/div>\n    <\/div>\n  <\/div>\n  <div data-colibri-component=\"section\" data-colibri-id=\"15-c10\" id=\"custom\" class=\"h-section h-section-global-spacing d-flex align-items-lg-center align-items-md-center align-items-center style-602 style-local-15-c10 position-relative\">\n    <!---->\n    <!---->\n    <div class=\"h-section-grid-container h-section-boxed-container\">\n      <!---->\n      <div data-colibri-id=\"15-c11\" class=\"h-row-container gutters-row-lg-2 gutters-row-md-2 gutters-row-0 gutters-row-v-lg-2 gutters-row-v-md-2 gutters-row-v-2 style-616 style-local-15-c11 position-relative\">\n        <!---->\n        <div class=\"h-row justify-content-lg-center justify-content-md-center justify-content-center align-items-lg-stretch align-items-md-stretch align-items-stretch gutters-col-lg-2 gutters-col-md-2 gutters-col-0 gutters-col-v-lg-2 gutters-col-v-md-2 gutters-col-v-2\">\n          <!---->\n          <div class=\"h-column h-column-container d-flex h-col-lg-auto h-col-md-auto h-col-auto style-617-outer style-local-15-c12-outer\">\n            <div data-colibri-id=\"15-c12\" class=\"d-flex h-flex-basis h-column__inner h-px-lg-2 h-px-md-2 h-px-2 v-inner-lg-2 v-inner-md-2 v-inner-2 style-617 style-local-15-c12 position-relative\">\n              <!---->\n              <!---->\n              <div class=\"w-100 h-y-container h-column__content h-column__v-align flex-basis-100 align-self-lg-start align-self-md-start align-self-start\">\n                <!---->\n                <div data-colibri-id=\"15-c13\" class=\"h-global-transition-all h-heading style-618 style-local-15-c13 position-relative h-element\">\n                  <!---->\n                  <div class=\"h-heading__outer style-618 style-local-15-c13\">\n                    <!---->\n                    <!---->\n                    <h3 class=\"\">Les bons partenaires\n                      <br>sans qui tout \u00e7a ne serait pas possible&#8230;<\/h3>\n                  <\/div>\n                <\/div>\n              <\/div>\n            <\/div>\n          <\/div>\n        <\/div>\n      <\/div>\n      <div data-colibri-id=\"15-c14\" class=\"h-row-container gutters-row-lg-2 gutters-row-md-2 gutters-row-0 gutters-row-v-lg-2 gutters-row-v-md-2 gutters-row-v-2 style-603 style-local-15-c14 position-relative\">\n        <!---->\n        <div class=\"h-row justify-content-lg-center justify-content-md-center justify-content-center align-items-lg-stretch align-items-md-stretch align-items-stretch gutters-col-lg-2 gutters-col-md-2 gutters-col-0 gutters-col-v-lg-2 gutters-col-v-md-2 gutters-col-v-2\">\n          <!---->\n          <div class=\"h-column h-column-container d-flex h-col-lg-auto h-col-md-auto h-col-auto style-605-outer style-local-15-c15-outer\">\n            <div data-colibri-id=\"15-c15\" class=\"d-flex h-flex-basis h-column__inner h-px-lg-2 h-px-md-2 h-px-2 v-inner-lg-2 v-inner-md-2 v-inner-2 style-605 style-local-15-c15 position-relative\">\n              <!---->\n              <!---->\n              <div class=\"w-100 h-y-container h-column__content h-column__v-align flex-basis-100 align-self-lg-start align-self-md-start align-self-start\">\n                <!---->\n                <div data-colibri-id=\"15-c16\" class=\"d-block style-610 style-local-15-c16 position-relative h-element\">\n                  <!---->\n                  <div class=\"h-image__frame-container-outer\">\n                    <a href=\"https:\/\/www.moniteurs-ardeche.com\/\" target=\"_blank\" h-use-smooth-scroll=\"true\" class=\"image-link\" rel=\"noopener\">\n                      <div class=\"h-image__frame-container\">\n                        <!---->\n                        <!---->\n                        <img loading=\"lazy\" decoding=\"async\" width=\"867\" height=\"928\" src=\"http:\/\/bougetontrail.fr\/wp-content\/uploads\/2020\/12\/LOGO-BMAM-BLACK-6-CP-POSITIF.png\" class=\"wp-image-867 style-610-image style-local-15-c16-image\" alt=\"\" srcset=\"https:\/\/bougetontrail.fr\/wp-content\/uploads\/2020\/12\/LOGO-BMAM-BLACK-6-CP-POSITIF.png 867w, https:\/\/bougetontrail.fr\/wp-content\/uploads\/2020\/12\/LOGO-BMAM-BLACK-6-CP-POSITIF-280x300.png 280w, https:\/\/bougetontrail.fr\/wp-content\/uploads\/2020\/12\/LOGO-BMAM-BLACK-6-CP-POSITIF-768x822.png 768w\" sizes=\"auto, (max-width: 867px) 100vw, 867px\" \/>\n                        <div class=\"h-image__frame h-hide-lg h-hide-md h-hide-sm style-610-frameImage style-local-15-c16-frameImage\"><\/div>\n                      <\/div>\n                    <\/a>\n                  <\/div>\n                <\/div>\n                <div data-colibri-id=\"15-c17\" class=\"h-x-container style-611 style-local-15-c17 position-relative h-element\">\n                  <!---->\n                  <div class=\"h-x-container-inner style-dynamic-15-c17-group style-611-spacing style-local-15-c17-spacing\"><span class=\"h-link__outer style-612-outer style-local-15-c18-outer d-inline-flex h-element\"><a h-use-smooth-scroll=\"true\" href=\"https:\/\/www.moniteurs-ardeche.com\/\" target=\"_blank\" data-colibri-id=\"15-c18\" class=\"d-flex w-100 align-items-center h-link style-612 style-local-15-c18 position-relative\" rel=\"noopener\"><!----><!----> <span>Bureau des Moniteurs d&rsquo;Ard\u00e8che M\u00e9ridionale, Canyon, Escalade, Sp\u00e9l\u00e9o <\/span><\/a>\n                    <\/span>\n                  <\/div>\n                <\/div>\n              <\/div>\n            <\/div>\n          <\/div>\n          <div class=\"h-column h-column-container d-flex h-col-lg-auto h-col-md-auto h-col-auto style-606-outer style-local-15-c19-outer\">\n            <div data-colibri-id=\"15-c19\" class=\"d-flex h-flex-basis h-column__inner h-px-lg-2 h-px-md-2 h-px-2 v-inner-lg-2 v-inner-md-2 v-inner-2 style-606 style-local-15-c19 position-relative\">\n              <!---->\n              <!---->\n              <div class=\"w-100 h-y-container h-column__content h-column__v-align flex-basis-100 align-self-lg-start align-self-md-start align-self-start\">\n                <!---->\n                <div data-colibri-id=\"15-c20\" class=\"d-block style-613 style-local-15-c20 position-relative h-element\">\n                  <!---->\n                  <div class=\"h-image__frame-container-outer\">\n                    <a href=\"https:\/\/www.ardeche-randonnees.fr\/\" target=\"_blank\" h-use-smooth-scroll=\"true\" class=\"image-link\" rel=\"noopener\">\n                      <div class=\"h-image__frame-container\">\n                        <!---->\n                        <!---->\n                        <img loading=\"lazy\" decoding=\"async\" width=\"87\" height=\"80\" src=\"http:\/\/bougetontrail.fr\/wp-content\/uploads\/2020\/12\/cropped-logo-AR.png\" class=\"wp-image-869 style-613-image style-local-15-c20-image\" alt=\"\" \/>\n                        <div class=\"h-image__frame h-hide-lg h-hide-md h-hide-sm style-613-frameImage style-local-15-c20-frameImage\"><\/div>\n                      <\/div>\n                    <\/a>\n                  <\/div>\n                <\/div>\n                <div data-colibri-id=\"15-c21\" class=\"h-x-container style-614 style-local-15-c21 position-relative h-element\">\n                  <!---->\n                  <div class=\"h-x-container-inner style-dynamic-15-c21-group style-614-spacing style-local-15-c21-spacing\"><span class=\"h-link__outer style-615-outer style-local-15-c22-outer d-inline-flex h-element\"><a h-use-smooth-scroll=\"true\" href=\"https:\/\/www.ardeche-randonnees.fr\/\" target=\"_blank\" data-colibri-id=\"15-c22\" class=\"d-flex w-100 align-items-center h-link style-615 style-local-15-c22 position-relative\" rel=\"noopener\"><!----><!----> <span>Ard\u00e8che Randonn\u00e9es, Bureau des Accompagnateurs en Montagne d&rsquo;Ard\u00e8che<\/span><\/a>\n                    <\/span>\n                  <\/div>\n                <\/div>\n              <\/div>\n            <\/div>\n          <\/div>\n          <div class=\"h-column h-column-container d-flex h-col-lg-auto h-col-md-auto h-col-auto style-643-outer style-local-15-c23-outer\">\n            <div data-colibri-id=\"15-c23\" class=\"d-flex h-flex-basis h-column__inner h-px-lg-2 h-px-md-2 h-px-2 v-inner-lg-2 v-inner-md-2 v-inner-2 style-643 style-local-15-c23 position-relative\">\n              <!---->\n              <!---->\n              <div class=\"w-100 h-y-container h-column__content h-column__v-align flex-basis-100 align-self-lg-start align-self-md-start align-self-start\">\n                <!---->\n                <div data-colibri-id=\"15-c24\" class=\"d-block style-644 style-local-15-c24 position-relative h-element\">\n                  <!---->\n                  <div class=\"h-image__frame-container-outer\">\n                    <a href=\"https:\/\/www.loucapitelle.com\/\" h-use-smooth-scroll=\"true\" class=\"image-link\">\n                      <div class=\"h-image__frame-container\">\n                        <!---->\n                        <!---->\n                        <img loading=\"lazy\" decoding=\"async\" width=\"333\" height=\"151\" src=\"http:\/\/bougetontrail.fr\/wp-content\/uploads\/2021\/11\/cropped-LC-logo.jpg\" class=\"wp-image-1049 style-644-image style-local-15-c24-image\" alt=\"\" srcset=\"https:\/\/bougetontrail.fr\/wp-content\/uploads\/2021\/11\/cropped-LC-logo.jpg 333w, https:\/\/bougetontrail.fr\/wp-content\/uploads\/2021\/11\/cropped-LC-logo-300x136.jpg 300w\" sizes=\"auto, (max-width: 333px) 100vw, 333px\" \/>\n                        <div class=\"h-image__frame h-hide-lg h-hide-md h-hide-sm style-644-frameImage style-local-15-c24-frameImage\"><\/div>\n                      <\/div>\n                    <\/a>\n                  <\/div>\n                <\/div>\n                <div data-colibri-id=\"15-c25\" class=\"h-x-container style-645 style-local-15-c25 position-relative h-element\">\n                  <!---->\n                  <div class=\"h-x-container-inner style-dynamic-15-c25-group style-645-spacing style-local-15-c25-spacing\"><span class=\"h-link__outer style-646-outer style-local-15-c26-outer d-inline-flex h-element\"><a h-use-smooth-scroll=\"true\" href=\"https:\/\/www.loucapitelle.com\/\"  data-colibri-id=\"15-c26\" class=\"d-flex w-100 align-items-center h-link style-646 style-local-15-c26 position-relative\"><!----><!----> <span>VILLAGE VACANCES ARD\u00c8CHE PLEIN SUD WEEK-ENDS &amp; S\u00c9JOURS \u00c0 VOG\u00dc\u00c9<\/span><\/a>\n                    <\/span>\n                  <\/div>\n                <\/div>\n              <\/div>\n            <\/div>\n          <\/div>\n        <\/div>\n      <\/div>\n    <\/div>\n  <\/div>\n<\/div>","protected":false},"excerpt":{"rendered":"<p>\u00ab\u00a0Bouge ton trail\u00a0\u00bb, qu&rsquo;est-ce que c&rsquo;est au juste ? Bouge ton trail, c&rsquo;est mon activit\u00e9 en tant que professionnel de la course en milieux naturels. Dipl\u00f4m\u00e9 d&rsquo;Etat \u00ab\u00a0Accompagnateur en Montagne\u00a0\u00bb et \u00ab\u00a0Escalade en Milieux Naturels\u00a0\u00bb,&nbsp;j&rsquo;ai pass\u00e9 quelques ann\u00e9es \u00e0 guider des s\u00e9jours \u00e0 l&rsquo;\u00e9tranger (Spitzberg et Oman) avant de m&rsquo;installer en Ard\u00e8che. Ici, j&rsquo;y exerce [&hellip;]<\/p>\n","protected":false},"author":1,"featured_media":0,"parent":0,"menu_order":0,"comment_status":"closed","ping_status":"closed","template":"page-templates\/full-width-page.php","meta":{"footnotes":""},"class_list":["post-15","page","type-page","status-publish","hentry"],"_links":{"self":[{"href":"https:\/\/bougetontrail.fr\/index.php?rest_route=\/wp\/v2\/pages\/15","targetHints":{"allow":["GET"]}}],"collection":[{"href":"https:\/\/bougetontrail.fr\/index.php?rest_route=\/wp\/v2\/pages"}],"about":[{"href":"https:\/\/bougetontrail.fr\/index.php?rest_route=\/wp\/v2\/types\/page"}],"author":[{"embeddable":true,"href":"https:\/\/bougetontrail.fr\/index.php?rest_route=\/wp\/v2\/users\/1"}],"replies":[{"embeddable":true,"href":"https:\/\/bougetontrail.fr\/index.php?rest_route=%2Fwp%2Fv2%2Fcomments&post=15"}],"version-history":[{"count":20,"href":"https:\/\/bougetontrail.fr\/index.php?rest_route=\/wp\/v2\/pages\/15\/revisions"}],"predecessor-version":[{"id":1226,"href":"https:\/\/bougetontrail.fr\/index.php?rest_route=\/wp\/v2\/pages\/15\/revisions\/1226"}],"wp:attachment":[{"href":"https:\/\/bougetontrail.fr\/index.php?rest_route=%2Fwp%2Fv2%2Fmedia&parent=15"}],"curies":[{"name":"wp","href":"https:\/\/api.w.org\/{rel}","templated":true}]}}